{"id":911,"date":"2023-12-18T20:28:07","date_gmt":"2023-12-18T20:28:07","guid":{"rendered":"https:\/\/dexadiab.com\/?page_id=911"},"modified":"2023-12-18T20:34:29","modified_gmt":"2023-12-18T20:34:29","slug":"quienes-somos","status":"publish","type":"page","link":"https:\/\/dexadiab.com\/?page_id=911","title":{"rendered":"\u00bfQui\u00e9nes Somos?"},"content":{"rendered":"\n<h2 class=\"wp-block-heading has-vivid-cyan-blue-color has-text-color has-link-color wp-elements-ebd55b3d13b0a9c272ab40d4712b9e9d\">Rese\u00f1a Hist\u00f3rica<\/h2>\n\n\n\n<p class=\"has-text-align-center\">DEXA-DIAB SERVICIOS M\u00c9DICOS LTDA IPS. Inicia sus labores como una entidad privada, con autonom\u00eda administrativa y patrimonio independiente, creada mediante escritura p\u00fablica N\u00ba 2281 de la notaria 35 de Bogot\u00e1 del 17 de Julio de 1995.<br>La representaci\u00f3n legal de la sociedad esta a cargo de su gerente, quien tendr\u00e1 todas las facultades administrativas inherentes al cabal desarrollo del objeto social, el cual se orienta hacia la prestaci\u00f3n de servicios de salud, tales como: consulta m\u00e9dica especializada, laboratorio cl\u00ednico especializado, comercializaci\u00f3n de medicamentos especializados todos en el \u00e1rea de la diabetes mellitus y osteoporosis, exportaci\u00f3n y distribuci\u00f3n de toda clase de elementos, equipos y maquinarias necesaria para cumplir su objetivo.<\/p>\n\n\n\n<h2 class=\"wp-block-heading has-vivid-cyan-blue-color has-text-color has-link-color wp-elements-7699442fa73fcf22eb71ee9432928532\">Misi\u00f3n<\/h2>\n\n\n\n<p class=\"has-text-align-center\">DEXA DIAB SERVICIOS MEDICOS es una IPS privada ubicada en la ciudad de Bogot\u00e1-Colombia que brinda servicios de salud de mediana y baja complejidad, bajo un enfoque de promoci\u00f3n de la salud y prevenci\u00f3n de la enfermedad, seguridad y trato humanizado, a trav\u00e9s de un equipo humano competente, comprometido y con gran sentido de responsabilidad social, que utiliza las tecnolog\u00edas adecuadas, una educaci\u00f3n m\u00e9dica continua fortalecida por convenios docente-asistenciales por universidades reconocidas, para lograr una atenci\u00f3n en salud oportuna y accesible al usuario, su familia y la comunidad.<\/p>\n\n\n\n<h2 class=\"wp-block-heading has-vivid-cyan-blue-color has-text-color has-link-color wp-elements-99f9cc1cae7b7bf7e164315c767c3b5e\">Visi\u00f3n<\/h2>\n\n\n\n<p class=\"has-text-align-center\">Para el 2030 ser el mejor referente de salud de nuestra poblaci\u00f3n, aportando calidad, confianza, oportunidad y seguridad en los servicios de salud que ofrecemos y que reciben los ciudadanos que atendemos a lo largo de su vida.<br>Queremos alcanzar la excelencia en todos los \u00e1mbitos de nuestra organizaci\u00f3n y contribuir as\u00ed al progreso sostenible del sistema sanitario.<br>Queremos que los profesionales se sientan part\u00edcipes y orgullosos de pertenecer a nuestra organizaci\u00f3n.<\/p>\n\n\n\n<figure class=\"wp-block-gallery has-nested-images columns-default is-cropped wp-block-gallery-1 is-layout-flex wp-block-gallery-is-layout-flex\">\n<figure class=\"wp-block-image size-large\"><img fetchpriority=\"high\" decoding=\"async\" width=\"1024\" height=\"576\" data-id=\"376\" src=\"https:\/\/dexadiab.com\/wp-content\/uploads\/2020\/12\/cropped-dexa2-1024x576.jpg\" alt=\"\" class=\"wp-image-376\" srcset=\"https:\/\/dexadiab.com\/wp-content\/uploads\/2020\/12\/cropped-dexa2-1024x576.jpg 1024w, https:\/\/dexadiab.com\/wp-content\/uploads\/2020\/12\/cropped-dexa2-300x169.jpg 300w, https:\/\/dexadiab.com\/wp-content\/uploads\/2020\/12\/cropped-dexa2-768x432.jpg 768w, https:\/\/dexadiab.com\/wp-content\/uploads\/2020\/12\/cropped-dexa2.jpg 1080w\" sizes=\"(max-width: 1024px) 100vw, 1024px\" \/><\/figure>\n<\/figure>\n","protected":false},"excerpt":{"rendered":"<p>Rese\u00f1a Hist\u00f3rica DEXA-DIAB SERVICIOS M\u00c9DICOS LTDA IPS. Inicia sus labores como una entidad privada, con autonom\u00eda administrativa y patrimonio independiente, creada mediante escritura p\u00fablica N\u00ba 2281 de la notaria 35 de Bogot\u00e1 del 17 de Julio de 1995.La representaci\u00f3n legal de la sociedad esta a cargo de su gerente, quien tendr\u00e1 todas las facultades administrativas&nbsp;&hellip;<\/p>\n","protected":false},"author":1,"featured_media":0,"parent":0,"menu_order":0,"comment_status":"closed","ping_status":"closed","template":"","meta":{"om_disable_all_campaigns":false,"_monsterinsights_skip_tracking":false,"_monsterinsights_sitenote_active":false,"_monsterinsights_sitenote_note":"","_monsterinsights_sitenote_category":0,"footnotes":""},"class_list":["post-911","page","type-page","status-publish","hentry"],"_links":{"self":[{"href":"https:\/\/dexadiab.com\/index.php?rest_route=\/wp\/v2\/pages\/911","targetHints":{"allow":["GET"]}}],"collection":[{"href":"https:\/\/dexadiab.com\/index.php?rest_route=\/wp\/v2\/pages"}],"about":[{"href":"https:\/\/dexadiab.com\/index.php?rest_route=\/wp\/v2\/types\/page"}],"author":[{"embeddable":true,"href":"https:\/\/dexadiab.com\/index.php?rest_route=\/wp\/v2\/users\/1"}],"replies":[{"embeddable":true,"href":"https:\/\/dexadiab.com\/index.php?rest_route=%2Fwp%2Fv2%2Fcomments&post=911"}],"version-history":[{"count":2,"href":"https:\/\/dexadiab.com\/index.php?rest_route=\/wp\/v2\/pages\/911\/revisions"}],"predecessor-version":[{"id":921,"href":"https:\/\/dexadiab.com\/index.php?rest_route=\/wp\/v2\/pages\/911\/revisions\/921"}],"wp:attachment":[{"href":"https:\/\/dexadiab.com\/index.php?rest_route=%2Fwp%2Fv2%2Fmedia&parent=911"}],"curies":[{"name":"wp","href":"https:\/\/api.w.org\/{rel}","templated":true}]}}