{"id":232,"date":"2020-10-17T13:54:23","date_gmt":"2020-10-17T13:54:23","guid":{"rendered":"http:\/\/dexadiab.com\/?page_id=232"},"modified":"2020-10-17T13:54:23","modified_gmt":"2020-10-17T13:54:23","slug":"consulta-especializada-de-endocrinologia","status":"publish","type":"page","link":"https:\/\/dexadiab.com\/?page_id=232","title":{"rendered":"CONSULTA ESPECIALIZADA DE ENDOCRINOLOGIA"},"content":{"rendered":"\n<figure class=\"wp-block-image size-large\"><img fetchpriority=\"high\" decoding=\"async\" width=\"548\" height=\"549\" src=\"http:\/\/dexadiab.com\/wp-content\/uploads\/2020\/08\/consulta-Endo.jpg\" alt=\"\" class=\"wp-image-81\" srcset=\"https:\/\/dexadiab.com\/wp-content\/uploads\/2020\/08\/consulta-Endo.jpg 548w, https:\/\/dexadiab.com\/wp-content\/uploads\/2020\/08\/consulta-Endo-300x300.jpg 300w, https:\/\/dexadiab.com\/wp-content\/uploads\/2020\/08\/consulta-Endo-150x150.jpg 150w\" sizes=\"(max-width: 548px) 100vw, 548px\" \/><figcaption>La consulta especializada de endocrinolog\u00eda se solicita cuando el m\u00e9dico tratante o especialista de otra \u00e1rea encuentra o sospecha una disfunci\u00f3n endocrina o metab\u00f3lica y requiere un concepto medico especializada para un plan de tratamiento y prevenci\u00f3n de complicaciones. La meta ser\u00e1 la mejor\u00eda de la calidad de vida de la persona afectada.<br>Procedimiento Especializado de Endocrinolog\u00eda<br>Biopsia de tiroides<br>Gluc\u00f3metria ambulatoria<br>Pruebas din\u00e1micas endocrinas<br>Densitometr\u00eda \u00f3sea (tecnolog\u00eda Dexa)<br>Densitometr\u00eda por tamizaje.<br>Monitoreo continuo de glucosa de 3 d\u00edas y 6 d\u00edas. (holter de glucosa.)<\/figcaption><\/figure>\n","protected":false},"excerpt":{"rendered":"","protected":false},"author":1,"featured_media":0,"parent":0,"menu_order":0,"comment_status":"closed","ping_status":"closed","template":"","meta":{"om_disable_all_campaigns":false,"_monsterinsights_skip_tracking":false,"_monsterinsights_sitenote_active":false,"_monsterinsights_sitenote_note":"","_monsterinsights_sitenote_category":0,"footnotes":""},"class_list":["post-232","page","type-page","status-publish","hentry"],"_links":{"self":[{"href":"https:\/\/dexadiab.com\/index.php?rest_route=\/wp\/v2\/pages\/232","targetHints":{"allow":["GET"]}}],"collection":[{"href":"https:\/\/dexadiab.com\/index.php?rest_route=\/wp\/v2\/pages"}],"about":[{"href":"https:\/\/dexadiab.com\/index.php?rest_route=\/wp\/v2\/types\/page"}],"author":[{"embeddable":true,"href":"https:\/\/dexadiab.com\/index.php?rest_route=\/wp\/v2\/users\/1"}],"replies":[{"embeddable":true,"href":"https:\/\/dexadiab.com\/index.php?rest_route=%2Fwp%2Fv2%2Fcomments&post=232"}],"version-history":[{"count":1,"href":"https:\/\/dexadiab.com\/index.php?rest_route=\/wp\/v2\/pages\/232\/revisions"}],"predecessor-version":[{"id":233,"href":"https:\/\/dexadiab.com\/index.php?rest_route=\/wp\/v2\/pages\/232\/revisions\/233"}],"wp:attachment":[{"href":"https:\/\/dexadiab.com\/index.php?rest_route=%2Fwp%2Fv2%2Fmedia&parent=232"}],"curies":[{"name":"wp","href":"https:\/\/api.w.org\/{rel}","templated":true}]}}